ded by t?
16
Suppose 0 = -l + 4, -1448*l + 1444*l - 557 = -3*w. What is the remainder when 740 is divided by w?
167
What is the remainder when (-500)/(-2375) + 1207761/57 is divided by 163?
162
Let b(u) = -38*u + 219. Calculate the remainder when 61 is divided by b(5).
3
Suppose 0 = 51*o - 197 - 56 + 49. Calculate the remainder when 1548 is divided by o.
0
Suppose 15*i - 1325 - 4525 = 0. Calculate the remainder when i is divided by 65.
0
Let d(w) = 289*w + 29855. Suppose h + 26 = 2*h. Calculate the remainder when d(-103) is divided by h.
10
What is the remainder when 3096/10*525/210 is divided by 156?
150
Suppose 3*q + q - 1868 = 3*v, -5*q = -5*v - 2335. Suppose 0 = 26*c - 833 - q. Let l = 27 - 5. Calculate the remainder when c is divided by l.
6
Let g be (180/(-210))/((-3)/42). Calculate the remainder when (284/6)/(g/360*10) is divided by 26.
12
Suppose -20*a = -15*a - 55. Let k(w) = 2 + 28*w + a*w + 32*w - 3. What is the remainder when k(2) is divided by 36?
33
Let r = 2363 + -2258. What is the remainder when r is divided by 56?
49
Suppose -98*v + 260 = 18*v - 436. Suppose -5*c = -0*l + 3*l - 486, -3*l - 9 = 0. Calculate the remainder when c is divided by v.
3
Let v(b) = b**3 + 25*b**2 - 46*b - 1. Calculate the remainder when 131 is divided by v(2).
11
Suppose 5*u + 106 = d, u = d - 1 - 21. Let x be (-6)/21 + 36/u - 1. Calculate the remainder when (50/x)/((-18)/27) is divided by 13.
12
Let h = -3738 + 3808. Calculate the remainder when 94 is divided by h.
24
Let a(j) = -45*j + 2180. Suppose 0*l - 1 = l, -2*l = -h + 75. Calculate the remainder when h is divided by a(48).
13
Let o(k) = -k**2 - k + 90. Let z be o(0). Suppose -z = -l - l. Suppose -3071 - 2261 - 793 = -245*m. What is the remainder when l is divided by m?
20
Let z be (-384)/28 + 2/(-7). Let g = z - -23. Let t(f) = f**3 - 5*f**2 + 12*f - 14. Calculate the remainder when g is divided by t(3).
1
Let b = -28128 + 49677. What is the remainder when 1/2 - b/(-66) is divided by 41?
40
Suppose -3*o - 39 = -270. Let p = o - 71. Calculate the remainder when 7 is divided by p.
1
Suppose 3*r = 51 + 54. Suppose -5*b + 880 = 5*b. Let s = 107 - b. Calculate the remainder when r is divided by s.
16
Let d(p) = -712*p + 2216. What is the remainder when 7679 is divided by d(3)?
79
Let y = 10 - 11. Let q(t) = 69*t - 6. Let g(k) = -212*k + 20. Let z(o) = -2*g(o) - 7*q(o). What is the remainder when z(y) is divided by 32?
29
Suppose -6*r + 3*r + 5*o = 16, 3*r - 4 = o. Suppose 0 = r*t, -155 = -c - t + 3*t. Suppose 0 = 26*p - 25*p - c. Calculate the remainder when p is divided by 26.
25
Let r(d) = 20*d**2 - 14*d - 22. Let s be r(-5). Suppose 4*o - 5*a = -117 + s, -546 = -5*o - a. Calculate the remainder when o is divided by 11.
10
Suppose -5*b = -30, -p - 64*b = -78*b - 6467. Calculate the remainder when p is divided by 34.
23
Calculate the remainder when 195 - (1632/(-153) - (-2)/(-6)) is divided by 16.
14
Let p be (1*(-1 - -4))/(-1). Let k = p + 44. Suppose -4*y + 23 = -45. What is the remainder when k is divided by y?
7
Suppose -2*f - 2*t + 535 = -305, 0 = 3*f + 2*t - 1263. Calculate the remainder when f is divided by 25.
23
Let a(s) = -s**3 - 40*s**2 - 119*s - 219. What is the remainder when a(-39) is divided by 132?
129
Suppose -29*q = -26*q - 129. Suppose q = -6*s + 139. Suppose -4*l + l + 9 = 0, -l = -v + 43. Calculate the remainder when v is divided by s.
14
Suppose 5*s = 8*s - 63. Let r = 1301 + -1052. Calculate the remainder when r is divided by s.
18
Let o(u) be the third derivative of -u**6/120 + 19*u**5/60 - 11*u**4/24 - 11*u**3/6 + 17*u**2 - 1. What is the remainder when o(18) is divided by 13?
11
Let w be (9 - (0 - -143))*(-2)/4. Suppose -8*r - 1947 = -w*r. What is the remainder when 98 is divided by r?
32
Suppose 0*g = 3*g - 3*z - 33, -g - z + 5 = 0. Let o = 805 + -783. What is the remainder when o is divided by g?
6
Suppose -4*g = 5*m - 2083, 3*g - 2*m - 1621 = 6*m. Calculate the remainder when g is divided by 32.
15
Let b = 4 - 2. Suppose -b*d + 0*g + 206 = g, -5*g - 296 = -3*d. What is the remainder when d is divided by 7176/1104*70/13?
32
Let h = 150 + -148. Suppose 7*a = 4*a - h*j + 270, j - 90 = -a. What is the remainder when a is divided by 12?
6
What is the remainder when 544 is divided by ((-11)/(11/(-45)))/((-6)/(-36))?
4
Suppose -27 + 0 = -3*l + 2*k, 5*k + 90 = 9*l. Suppose -c - 521 = -4*f, 2*c + 6 = -4. What is the remainder when f is divided by l?
9
Let o = -3222 - -3224. Let u = -29 - -36. Suppose 3*t - u*t = -16. Calculate the remainder when t is divided by o.
0
Calculate the remainder when (-12)/(-60)*-127*-5 is divided by 14.
1
Let c = 2731 + -2720. Calculate the remainder when 108 is divided by c.
9
Let f be (((-81)/(-2))/(-3))/(444/(-1184)). Suppose 0 = -4*p + 430 - 110. What is the remainder when p is divided by 34/((-20)/45*f/(-8))?
12
Let i(a) = 845*a. Calculate the remainder when i(1) is divided by (-7568)/(-43)*((-15)/10 - -2) + 6.
93
Let b be (-3)/(15/155) - -9. Let n(c) = c**3 + 23*c**2 + 12*c - 20. Calculate the remainder when n(b) is divided by 51.
47
Let m = 310 - 178. Let u(s) = 3*s**2 + 25*s + 43. Calculate the remainder when m is divided by u(-7).
12
Let d = 18582 + -16996. What is the remainder when d is divided by 47?
35
Let k = -617 - -613. Let x be (-55)/(-30) + 2/12. What is the remainder when k + (-2 + 240)*1/x is divided by 58?
57
Let z = -14675 - -14798. Calculate the remainder when 4179 is divided by z.
120
Let t(x) = -5*x**2 + 3*x + 26. Let j(m) = 3*m**2 - 5*m - 25. Let v(s) = -5*j(s) - 4*t(s). Calculate the remainder when 43 is divided by v(-2).
13
Suppose -5*v = -21 - 79. Suppose x = 6*x - v. Suppose x*f - 68 = 64. What is the remainder when 98 is divided by f?
32
Let w = 2214 + -2155. Calculate the remainder when 136 is divided by w.
18
Let w(r) = r**3 - 4*r**2 - 3*r + 9. Let n be w(5). Let m = 22 - n. Suppose -m*a + 136 = 5*a. Calculate the remainder when a is divided by 9.
8
Let m = 9485 - 9397. What is the remainder when m is divided by 86?
2
Let n = 921 + -907. Let r(h) = h**2 - 2*h + 117. Let j be r(0). Suppose -j = -6*z + 4*z + 5*o, -4*o + 210 = 3*z. Calculate the remainder when z is divided by n.
10
Suppose -8*c + 16717 - 16517 = 0. What is the remainder when 758 is divided by c?
8
Suppose 3*n - 2*w = 2, -2*n + 4*w = -3*n + 10. Suppose m - 29 = 4*y - y, -m - n*y + 9 = 0. Suppose -26 = a - 93. What is the remainder when a is divided by m?
16
Let y = 295 + -277. Suppose 2*v + y*v = 2120. What is the remainder when v is divided by 10?
6
Calculate the remainder when 1705 is divided by (-10)/((285/15)/(-19)).
5
Suppose -g + 0*g + 60 = 0. Let l = 3117 + -3001. Calculate the remainder when l is divided by g.
56
Suppose -279 = -4*z + h, -h - 132 = -2*z + h. Let y = 268 + z. What is the remainder when y is divided by 17?
16
Suppose 272*s + 60 = 275*s. What is the remainder when -1*(-3 + 4)*-89 is divided by s?
9
Let h(d) = 225*d + 1377. Let i be (-738)/(-4)*(-1 - -3). Let o = i - 238. What is the remainder when o is divided by h(-6)?
23
Let l = -171 + 168. Calculate the remainder when 28/42 - (832/l)/4 is divided by 19.
13
Suppose 2*g = -4*b + 30, 4*g - 20 = -8*b + 5*b. Suppose -336 + 8 = -b*d. What is the remainder when d is divided by 14?
13
Let w = -32 - -182. Suppose -3*f = -2*t + 75, 5*t + 11*f - 6*f - w = 0. Suppose -t*l + 861 = -12*l. What is the remainder when l is divided by 4?
1
Suppose -5*o = 10, 149*h = 145*h + 2*o + 28. Let b(l) = -1 - 22*l + 19*l - 2. Calculate the remainder when h is divided by b(-2).
0
Suppose 4*o = 2*a, -5*o = -5*a + 6 + 4. Suppose 3*n + 2*j = -2*j - 7, -n - 3*j - a = 0. What is the remainder when (16 - n) + (-4)/((-4)/(-3)) is divided by 8?
6
Suppose 68*d - 3116 = -45*d + 37*d. Calculate the remainder when 228 is divided by d.
23
Suppose -5*j - b + 937 + 4273 = 0, -3*j = -4*b - 3103. Calculate the remainder when 2100 is divided by j.
18
Let h be ((-6)/2)/(8*(-8)/(-1728)). Let j = h - -86. Suppose -j*l = -25, -l - 3 = -5*f + 32. Calculate the remainder when f is divided by 5.
3
Suppose 0 = 14*n - 7*n - 3094. Suppose 3*c - 16*c + n = 0. Suppose 13*w = 9*w + 532. Calculate the remainder when w is divided by c.
31
Suppose -m - 13 = 2*w - 6, -13 = 5*w - 2*m. What is the remainder when 118 is divided by w/8 + 86/1